{"id":1785,"date":"2026-04-01T00:16:04","date_gmt":"2026-04-01T03:16:04","guid":{"rendered":"https:\/\/uegp22-cha.infd.edu.ar\/sitio\/?page_id=1785"},"modified":"2026-04-01T00:16:05","modified_gmt":"2026-04-01T03:16:05","slug":"datos-personales-academicos-y-medicos-2026","status":"publish","type":"page","link":"https:\/\/uegp22-cha.infd.edu.ar\/sitio\/datos-personales-academicos-y-medicos-2026\/","title":{"rendered":"DATOS PERSONALES, ACAD\u00c9MICOS Y M\u00c9DICOS 2026"},"content":{"rendered":"\n<p>En el marco del inicio del ciclo lectivo, ponemos a disposici\u00f3n el presente formulario con el objetivo de recopilar informaci\u00f3n relevante de nuestros estudiantes. Los datos solicitados resultan fundamentales para el acompa\u00f1amiento de las trayectorias acad\u00e9micas, la comunicaci\u00f3n institucional y la atenci\u00f3n ante situaciones que requieran especial cuidado.<\/p>\n\n\n\n<p>Solicitamos completar el formulario con informaci\u00f3n actualizada y veraz, ya que permitir\u00e1 fortalecer las acciones de seguimiento, orientaci\u00f3n y cuidado integral de cada estudiante.<\/p>\n\n\n\n<div class=\"wp-block-buttons is-layout-flex\">\n<div class=\"wp-block-button\"><a class=\"wp-block-button__link has-text-align-center wp-element-button\" href=\"https:\/\/docs.google.com\/forms\/d\/e\/1FAIpQLSdv9QJ5BKO8SMzl7d-C15wlsGFLoDlAt6EWuYKKTKZk4_gRYA\/viewform\">HACE CLIC AQU\u00cd::::FORMULARIO DATOS PERSONALES, ACAD\u00c9MICOS Y M\u00c9DICOS 2026:::::<\/a><\/div>\n<\/div>\n","protected":false},"excerpt":{"rendered":"<p>En el marco del inicio del ciclo lectivo, ponemos a disposici\u00f3n el presente formulario con el objetivo de recopilar informaci\u00f3n relevante de nuestros estudiantes. Los datos solicitados resultan fundamentales para el acompa\u00f1amiento de las trayectorias acad\u00e9micas, la comunicaci\u00f3n institucional y la atenci\u00f3n ante situaciones que requieran especial cuidado. Solicitamos completar el formulario con informaci\u00f3n actualizada &#8230; <a title=\"DATOS PERSONALES, ACAD\u00c9MICOS Y M\u00c9DICOS 2026\" class=\"read-more\" href=\"https:\/\/uegp22-cha.infd.edu.ar\/sitio\/datos-personales-academicos-y-medicos-2026\/\" aria-label=\"More on DATOS PERSONALES, ACAD\u00c9MICOS Y M\u00c9DICOS 2026\">[+]<\/a><\/p>\n","protected":false},"author":29,"featured_media":0,"parent":0,"menu_order":0,"comment_status":"closed","ping_status":"closed","template":"","meta":[],"acf":[],"_links":{"self":[{"href":"https:\/\/uegp22-cha.infd.edu.ar\/sitio\/wp-json\/wp\/v2\/pages\/1785"}],"collection":[{"href":"https:\/\/uegp22-cha.infd.edu.ar\/sitio\/wp-json\/wp\/v2\/pages"}],"about":[{"href":"https:\/\/uegp22-cha.infd.edu.ar\/sitio\/wp-json\/wp\/v2\/types\/page"}],"author":[{"embeddable":true,"href":"https:\/\/uegp22-cha.infd.edu.ar\/sitio\/wp-json\/wp\/v2\/users\/29"}],"replies":[{"embeddable":true,"href":"https:\/\/uegp22-cha.infd.edu.ar\/sitio\/wp-json\/wp\/v2\/comments?post=1785"}],"version-history":[{"count":1,"href":"https:\/\/uegp22-cha.infd.edu.ar\/sitio\/wp-json\/wp\/v2\/pages\/1785\/revisions"}],"predecessor-version":[{"id":1786,"href":"https:\/\/uegp22-cha.infd.edu.ar\/sitio\/wp-json\/wp\/v2\/pages\/1785\/revisions\/1786"}],"wp:attachment":[{"href":"https:\/\/uegp22-cha.infd.edu.ar\/sitio\/wp-json\/wp\/v2\/media?parent=1785"}],"curies":[{"name":"wp","href":"https:\/\/api.w.org\/{rel}","templated":true}]}}