{"id":683,"date":"2018-07-25T15:06:14","date_gmt":"2018-07-25T18:06:14","guid":{"rendered":"https:\/\/uegp22-cha.infd.edu.ar\/sitio\/?page_id=683"},"modified":"2020-05-31T21:49:01","modified_gmt":"2020-06-01T00:49:01","slug":"institucional","status":"publish","type":"page","link":"https:\/\/uegp22-cha.infd.edu.ar\/sitio\/institucional\/","title":{"rendered":"El Instituto"},"content":{"rendered":"<p><img decoding=\"async\" loading=\"lazy\" class=\"alignnone size-medium wp-image-878\" src=\"https:\/\/uegp22-cha.infd.edu.ar\/sitio\/wp-content\/uploads\/2020\/05\/0d151140-4177-4d72-b52a-8ba596d5de29-1000x492.jpg\" alt=\"\" width=\"1000\" height=\"492\" srcset=\"https:\/\/uegp22-cha.infd.edu.ar\/sitio\/wp-content\/uploads\/2020\/05\/0d151140-4177-4d72-b52a-8ba596d5de29-1000x492.jpg 1000w, https:\/\/uegp22-cha.infd.edu.ar\/sitio\/wp-content\/uploads\/2020\/05\/0d151140-4177-4d72-b52a-8ba596d5de29-768x378.jpg 768w, https:\/\/uegp22-cha.infd.edu.ar\/sitio\/wp-content\/uploads\/2020\/05\/0d151140-4177-4d72-b52a-8ba596d5de29.jpg 1080w\" sizes=\"(max-width: 1000px) 100vw, 1000px\" \/><\/p>\n<p>Somos un Instituto de Educaci\u00f3n Superior con m\u00e1s de 6 a\u00f1os de trayectoria en la ciudad de <strong>Quitilipi<\/strong>, involucrados con las necesidades educativas de nuestra localidad, contamos con un\u00a0plantel docente de 40 profesionales formados en Institutos Superiores no Universitarios como as\u00ed tambi\u00e9n en el \u00e1mbito Universitario con sus respectivos Pos-grados.<br \/>\nFormamos profesionales comprometidos con las necesidades de su \u00e9poca, capaces de indagar, accionar y reflexionar en torno a las exigencias sociales que se le imponen al sistema educativo en el transcurso del siglo XXI.<\/p>\n","protected":false},"excerpt":{"rendered":"<p>Somos un Instituto de Educaci\u00f3n Superior con m\u00e1s de 6 a\u00f1os de trayectoria en la ciudad de Quitilipi, involucrados con las necesidades educativas de nuestra localidad, contamos con un\u00a0plantel docente de 40 profesionales formados en Institutos Superiores no Universitarios como as\u00ed tambi\u00e9n en el \u00e1mbito Universitario con sus respectivos Pos-grados. Formamos profesionales comprometidos con las &#8230; <a title=\"El Instituto\" class=\"read-more\" href=\"https:\/\/uegp22-cha.infd.edu.ar\/sitio\/institucional\/\" aria-label=\"More on El Instituto\">[+]<\/a><\/p>\n","protected":false},"author":6,"featured_media":0,"parent":0,"menu_order":0,"comment_status":"closed","ping_status":"closed","template":"","meta":[],"acf":[],"_links":{"self":[{"href":"https:\/\/uegp22-cha.infd.edu.ar\/sitio\/wp-json\/wp\/v2\/pages\/683"}],"collection":[{"href":"https:\/\/uegp22-cha.infd.edu.ar\/sitio\/wp-json\/wp\/v2\/pages"}],"about":[{"href":"https:\/\/uegp22-cha.infd.edu.ar\/sitio\/wp-json\/wp\/v2\/types\/page"}],"author":[{"embeddable":true,"href":"https:\/\/uegp22-cha.infd.edu.ar\/sitio\/wp-json\/wp\/v2\/users\/6"}],"replies":[{"embeddable":true,"href":"https:\/\/uegp22-cha.infd.edu.ar\/sitio\/wp-json\/wp\/v2\/comments?post=683"}],"version-history":[{"count":9,"href":"https:\/\/uegp22-cha.infd.edu.ar\/sitio\/wp-json\/wp\/v2\/pages\/683\/revisions"}],"predecessor-version":[{"id":903,"href":"https:\/\/uegp22-cha.infd.edu.ar\/sitio\/wp-json\/wp\/v2\/pages\/683\/revisions\/903"}],"wp:attachment":[{"href":"https:\/\/uegp22-cha.infd.edu.ar\/sitio\/wp-json\/wp\/v2\/media?parent=683"}],"curies":[{"name":"wp","href":"https:\/\/api.w.org\/{rel}","templated":true}]}}